*q = 17, -16 = 4*q + 4. Let m(w) = -w**3 + w + 2. Determine m(r).
-4
Let m(j) be the third derivative of -j**5/30 + j**4/12 - j**3/6 + 12*j**2. Determine m(2).
-5
Suppose -w = h + 11, 5*h + 30 = -3*w - 15. Let u(v) = 2*v + 7. Give u(h).
-5
Let x = 4 - 1. Suppose i - x*i = 10. Let f(y) = y**3 + 5*y**2 - 2*y - 7. Determine f(i).
3
Let c(m) = m**3 - 10*m**2 + 10*m - 2. Let k be c(9). Suppose -2*j + k = -5. Let h(w) = w**2 - 5*w - 7. Give h(j).
-1
Let s(c) = c**2 + 8*c + 5. Let x be -5 + 76/14 + 52/(-7). Calculate s(x).
-2
Let w(n) = -n - 15. Let s = -52 + 42. Give w(s).
-5
Let q = 6 - 3. Let k(z) = -7*z + 1. Let d(o) = 6*o - 1. Let x(n) = 5*d(n) + 4*k(n). Determine x(q).
5
Let f(x) = 9*x**2 + 1. Let o(w) = -11*w + 45. Let p be o(4). Give f(p).
10
Let l(m) = m**3 - 6*m**2 + 3*m + 5. Let q be l(5). Let z(w) = w + 10. Calculate z(q).
5
Suppose -20 = -4*g, 4*z + 0 = 5*g - 5. Let w(h) = 5*h**2 + 6*h - 2. Let t(x) = 0 + 4*x - 2 + 6*x**2 + 2*x. Let i(u) = 6*t(u) - 7*w(u). Determine i(z).
-3
Let l(d) = -3*d**3 + 9*d**2 - 11*d - 14. Let u(a) = -a**3 - a**2 - a. Let o(y) = l(y) - 2*u(y). Calculate o(10).
-4
Let w(f) = f**2 - f + 1. Let u be ((-2)/8)/1*-4. Let v(m) = -2*m**2 - 2*m + 1. Let d(a) = u*v(a) - 2*w(a). Suppose 5*l + 3 = -2. Calculate d(l).
-5
Suppose -4 = -0*w + 2*w. Let a(d) be the second derivative of 1/20*d**5 + 2*d + 0*d**2 + 1/2*d**3 + 0 + 1/4*d**4. Determine a(w).
-2
Let g(m) be the third derivative of -m**6/36 - m**3/6 + 7*m**2. Let j(s) be the first derivative of g(s). Calculate j(-1).
-10
Suppose -3*i = 3*m - m - 45, -3*m = -4*i - 25. Suppose 4*q - 9 = m. Let x be q/4*8/(-6). Let u(a) = 3*a + 3. Determine u(x).
-3
Let y(f) = -4 - 11*f**2 - 7*f**3 + 10*f + 1 + 6*f**3 - 12. Calculate y(-12).
9
Let i(y) = -4*y + 8. Let d(s) = 9*s - 17. Let l(k) = -6*d(k) - 13*i(k). Suppose o - 4*x = 0, 15 = -3*o - 2*x + 1. Determine l(o).
6
Let q = -3 - -4. Let h(y) = -q + 1 - 5 - 5*y + 6*y. Calculate h(5).
0
Let h(p) = p**3 + 7*p**2 - 5*p + 2. Let b(i) = 2*i**3 + 8*i**2 - 6*i + 3. Let u(r) = 2*b(r) - 3*h(r). Suppose -4*l + 17 = -11. Let o = l + -4. Calculate u(o).
-9
Let y(u) = 2*u - 4*u**2 + 3*u**2 - 1 + u. Calculate y(1).
1
Suppose 2*k - j = k + 2, 5*j = -3*k - 34. Let u(v) = 2*v + 1. Let t(g) = 5*g + 3. Let p(i) = -3*t(i) + 8*u(i). Calculate p(k).
-4
Let b be (8/(-12))/((-1)/6). Suppose 6 = y - 1. Let v(l) = -y*l**2 + l**2 + 5*l**2 - 3 + 3*l. Determine v(b).
-7
Let w be ((-1)/2)/((-3)/24). Let o(b) = -w - 2*b + 2 + b - b. Calculate o(3).
-8
Let z(y) = 3*y**2 - 12*y - 1. Let b(a) = 5*a**2 - 18*a - 1. Let s(g) = 5*b(g) - 8*z(g). Determine s(-6).
3
Let u = 47 + -48. Let d(a) = 17*a - 1. Calculate d(u).
-18
Let t(o) be the first derivative of o**4/4 - o**3 + o**2 - o - 2. Let z = -9 + 11. Let f be t(z). Let h(k) = -7*k**2 - k - 1. Calculate h(f).
-7
Let b(y) = 6 + 8 - 5 + 4*y - 3*y. Give b(0).
9
Let v(h) be the first derivative of 5/2*h**2 + 4*h + 1/4*h**4 + 2 + 5/3*h**3. Give v(-3).
7
Let u(q) = q + q**3 + 12 + 9*q**2 + 6*q**2 - 5*q**2 + q. What is u(-10)?
-8
Let s(v) be the second derivative of v**7/840 - v**6/90 - v**5/60 - v**4/24 + v**3/2 + v. Let i(q) be the second derivative of s(q). Give i(4).
-9
Let n(h) = -h + 2 - h**2 - h + 3*h - 2*h. Determine n(0).
2
Suppose -4*a = -i + 7, -3*i + a + 13 = -5*i. Let j(t) = -t**2 - 5*t - 2. Determine j(i).
-2
Let d = 107 - 102. Let y(i) = i**2 - 5*i - 5. Determine y(d).
-5
Suppose 0*r - 7 = 5*v - r, -3*v + 3*r = -3. Let j(q) = q + 1. Let f(t) = 3*t + 4. Let d(b) = -f(b) + j(b). What is d(v)?
1
Let d(x) be the third derivative of 0 + x**3 + 0*x + 1/12*x**4 - 2*x**2. Suppose 3*o = 4*o + 4. What is d(o)?
-2
Let a(k) = 3*k + 8. Let h(w) = -w - 1. Let n(d) = -a(d) - 2*h(d). Let b(l) = -1. Let p(s) = -5*b(s) + n(s). Calculate p(1).
-2
Let v(m) = 7*m - 1. Suppose 8 = 4*y + 4. What is v(y)?
6
Let q = -71 - -75. Let s(g) = -g - 3. Give s(q).
-7
Suppose -s + 15 = -4*v - v, 2*s - 4*v - 18 = 0. Let w(d) = d**3 - 6*d**2 + 6*d. Determine w(s).
5
Let d = 3 + 2. Let p(t) = t**2 + 11*t + 4. Let c(x) = x**2 + 10*x + 4. Let a(o) = d*c(o) - 4*p(o). Suppose -8 = -0*j + 2*j. What is a(j)?
-4
Suppose -2*w + 16 = 3*w + 4*y, -2*y + 8 = 0. Suppose 2*f = 5*f - 12. Let h(a) = 1 - a - f + w*a. Determine h(-5).
2
Let n(p) = p**3 - 6*p**2 - 1. Let f(v) = 6*v**2 + 3*v - 3. Let b be f(1). Determine n(b).
-1
Suppose -1 = -3*i - 7. Let r = i - -4. Let u(c) = 4*c + r*c - 3*c + 1 + c**2. Calculate u(-4).
5
Let b be (-2 + 2)/(2 - 1). Suppose 3*w = -b*w. Let x(f) = -1 + w*f + 2 + f. Calculate x(1).
2
Let n(w) = w**2 + 1 + 6*w + 10*w - 12*w. Let s = 0 + -4. Give n(s).
1
Suppose 8 = 3*y + y. Suppose -y*z + 7*z = -2*u + 4, -4*u + z + 8 = 0. Let s(g) = 2*g**3 - 2*g**2 - 2. Determine s(u).
6
Let i(n) = n**3 - n - 2. Suppose 0*a - 3*a = 0. Calculate i(a).
-2
Let k(p) = p. Let o(y) = -y**2 + y + 6. Let b be o(0). Calculate k(b).
6
Suppose -15*q = -18*q + 18. Let u(h) = -h**2 + 6*h - 2. Determine u(q).
-2
Suppose 0*h - 5*h = -5. Let t be h/2 + (-15)/(-10). Let b(z) = 8*z**2 + 2*z - 1. Let g(n) = 17*n**2 + 5*n - 2. Let w(c) = t*g(c) - 5*b(c). Determine w(1).
-5
Let k(v) be the second derivative of -v**4/12 + v**2/2 - 57*v. Give k(5).
-24
Let a(h) = h**3 + 4*h**2 - 4*h + 5. Suppose 5*t + 20 = 4*l, -4*l - 4*t = -3*t + 4. Let m be (15/6 - l)*-2. What is a(m)?
0
Let n = -36 + 32. Let m(t) be the second derivative of -t**5/20 - t**4/4 + 2*t**3/3 - 2*t. What is m(n)?
0
Let u(s) = -1 - 7 - s + 0*s. Let j(t) = 6*t + 41. Suppose 31 = 5*x - 24. Let q(p) = x*u(p) + 2*j(p). What is q(5)?
-1
Let l(q) = q - 4. Let u(b) = -b + 7. Let m(k) = -5*l(k) - 3*u(k). Give m(-1).
1
Let a(m) = 6*m**2 + 1. Suppose 0 = -2*v - 4*v - 6. What is a(v)?
7
Let x(s) = s**3 + 7*s**2. Let u be x(-7). Suppose q + u + 4 = 0. Let t(w) = 6*w + 4. Let j(b) = 7*b + 4. Let l(k) = 3*j(k) - 4*t(k). Calculate l(q).
8
Let c(r) = 3*r - 1. Let s be c(-1). Suppose 3*b - 4*i = -7*i, -2*b + 28 = -5*i. Let n(d) = -2*d + 4 + 3*d - 4*d**2 + b*d + 5*d**2. What is n(s)?
0
Let c(k) = -k + 2. Let q = -133 - -142. Determine c(q).
-7
Let r(l) = -l**3 - 4*l**2 - l - 8. Let u(y) = -y + 1. Let m(j) = r(j) + 3*u(j). Give m(-4).
11
Let t(b) = 2*b + 0 + 0 - 1. Give t(5).
9
Let q(s) be the first derivative of -2*s**3/3 - s**2 - 3*s - 1. Let u(z) = z**3 + 13*z**2 + 13*z + 10. Let j = -36 - -24. Let a be u(j). Give q(a).
-7
Let w(u) = -u**2 - 4*u + 4. Let h(g) = -3*g**2 - 7*g + 9. Let d(v) = -2*h(v) + 5*w(v). Calculate d(6).
2
Let y(o) be the first derivative of -2*o**3/3 + 2*o + 4. Suppose 0 = -0*r + 2*r - 4. Give y(r).
-6
Let y(u) be the third derivative of -u**6/120 + u**5/60 + u**4/24 - u**3/2 + 11*u**2. Give y(0).
-3
Let d(h) = h**2 + 2*h - 1. Let q be d(1). Suppose 5*k + 3*b = -17, k + 4*b + 9 = q*b. Let u(r) = -2*r**2 - 2*r - 1. What is u(k)?
-1
Let k(i) = -3*i + 0*i - 1 + 4*i - 3*i. Let m(y) = -y - 14. Let z be m(-10). What is k(z)?
7
Let b(h) be the second derivative of h**8/6720 - h**6/720 + h**5/20 - h**4/6 + 6*h. Let w(j) be the third derivative of b(j). Determine w(0).
6
Suppose 3*z + 13 + 8 = 4*p, 3*z = -3*p + 21. Let l(y) = 9*y**2 - 2 + p*y - 8*y**2 + 0*y. Determine l(-5).
-7
Let j(d) = -3 + 5*d**2 - 4*d**2 + 0*d**2 + 0 + 6*d. Determine j(-8).
13
Let m be ((-2)/(2/(-3)))/(-1). Let s(a) = -9*a**2 - 5*a - 4. Let z(g) = 8*g**2 + 4*g + 3. Let y(v) = m*s(v) - 4*z(v). Suppose -8 = -5*t - 3. What is y(t)?
-6
Let k = 6 + 0. Suppose l + 2*l - k = 0. Let j be (3/2)/(l/4). Let s(n) = -2*n**2 + 2*n + 2. Calculate s(j).
-10
Let v(s) be the third derivative of s**4/4 + 21*s**2 - s. Calculate v(-2).
-12
Let k(f) = f**3 + 3*f**2 + f - 1. Let l be 12*(2 - 5/2). Let a be l/4*4/(-3). Suppose 13 = -5*r - a. Give k(r).
-4
Let u(n) be the third derivative of -n**6/120 + n**5/60 + 2*n**3/3 + 15*n**2. What is u(0)?
4
Let j(m) = -16*m**3 + 7*m**2 + 10*m. Let u(f) = 5*f**3 - 2*f**2 - 3*f. Let r(a) = 2*j(a) + 7*u(a). Let x = -1 + 0. What is r(x)?
-2
Let y(g) be the second derivative of -g**5/20 + 7*g**4/12 - 7*g**3/6 + 9*g**2/2 - 8*g. Let q(i) = i**3 + 6*i**2 - i. Let a be q(-6). What is y(a)?
3
Let c(g) be the second derivative of 3*g**2 + 1/12*g**4 + 0 - 5/6*g**3 + g. Suppose 2*m + 3*n = 2 + 2, 4*n - 17 = -5*m. Calculate c(m).
6
Let h(f) = f**3 + 6*f**2 + 4*f + 9. Let i = 8 + -14. Determine h(i).
-15
Let r(y) = 6*y**3 + y**2 - y. Let 